4*i = 5*j - i - 138, -2*i - 98 = -3*j. What are the prime factors of j?
2, 3, 5
Suppose 5*h = -p + 15, 8*p - 12*p + 185 = -5*h. What are the prime factors of p?
2, 5
What are the prime factors of ((-36)/7)/((-990)/245 + 4)?
2, 3, 7
Let d(u) = 5*u + 4. What are the prime factors of d(5)?
29
Suppose -2*l - 4 - 2 = -k, -2*k + 3*l = -10. Let n(y) = -1 + 11*y**2 + 0 + 2*y**k. List the prime factors of n(1).
2, 3
Let j be (3 + 54/4)*4. Suppose 0 = -4*p + p + j. List the prime factors of p.
2, 11
Suppose 5*q = 3*h - 9, -3*q - 4*h + 0*h = -12. Suppose -27 = -4*t + t + 3*n, q = -4*t - 3*n + 8. Suppose u + 0 - t = 0. List the prime factors of u.
5
What are the prime factors of (532/6 + -4)/(4/6)?
127
Let v(w) = 2*w - 4. Let q be v(-4). Let g be (1/2)/((-1)/32). What are the prime factors of ((-27)/q)/((-3)/g)?
2, 3
Suppose 0 = 5*x - 3*x + 3*g + 9, -x + 18 = -3*g. Suppose -6 + 60 = x*d. What are the prime factors of d?
2, 3
Suppose 2*s - 2*c = 124, -s + 0*s + 5*c = -46. List the prime factors of s.
2, 3, 11
List the prime factors of (-1)/2*((-228)/(-1))/(-6).
19
Let f(q) = 2*q**2 - 2*q - 7. List the prime factors of f(-12).
5, 61
Let s be 16/(-72) - 436/(-18). Suppose 0*i + s = 2*i. What are the prime factors of i?
2, 3
Let l(k) = -2*k - 5. Let p be l(-4). Let x = -95 + 152. Suppose -5*z = -x - p. What are the prime factors of z?
2, 3
Let q = 3 + -1. Suppose p - q = -0. List the prime factors of (-6)/p*1 + 7.
2
Let a(b) = -b + 1. Let z(v) = v**2 + 13*v - 5. Let o(h) = -3*a(h) - z(h). List the prime factors of o(-7).
23
Let n(u) = 2*u**2 - 9*u - 52. List the prime factors of n(10).
2, 29
Suppose 2*y - 8 = -2*y. Suppose 2*z = -y*z + 120. List the prime factors of z.
2, 3, 5
Let j(w) = -w**2 - w. Let r be j(1). Let o be (-36)/(-2)*(-4)/r. Suppose -3*v = -3*b - o, -b - b = 2. List the prime factors of v.
11
Let z(v) = v + 5. Let h be z(0). Suppose -4*m + 78 = 5*j, h*j = 3*m + 3*j - 70. List the prime factors of m.
2, 11
What are the prime factors of 1/(93/(-24) + 4)?
2
Let v be (-1)/(228/75 - 3). Let z = v - -47. List the prime factors of z.
2, 11
Suppose g + 20 - 2 = 0. Let a be ((-4)/6)/((-2)/g). List the prime factors of 2*3/(a/(-4)).
2
Let i(w) = -3*w - 1. Let l(a) = 7*a + 2. Let h(c) = -11*i(c) - 6*l(c). List the prime factors of h(-2).
17
Suppose 4*b - 5*i = 39, -5*i = -2*b + 5*b - 3. What are the prime factors of b?
2, 3
Let f(a) be the second derivative of -a**4/12 + 7*a**3/6 + a**2 - a. List the prime factors of f(5).
2, 3
Suppose -2*t + 0*t + 5*k - 51 = 0, 25 = -t + 2*k. Suppose 3*h - 2*h + 8 = 0. Let w = h - t. List the prime factors of w.
3, 5
Let w(b) = 2*b + 40. What are the prime factors of w(-19)?
2
Let h(t) = 7*t - 4. Let a be ((-3)/(-4))/(6/48). Let j be h(a). Suppose g = -g + j. List the prime factors of g.
19
Suppose k = -3*k + 28. Let c(w) = w + 2*w + w - 6. What are the prime factors of c(k)?
2, 11
Let n(y) = -y**3 - 6*y**2 + 8*y - 3. Let l be n(-6). Let h = -28 - l. What are the prime factors of h?
23
Let v = -26 - -16. Let h = v + 18. What are the prime factors of h?
2
Let m(l) be the third derivative of l**4/8 + l**3/6 + 3*l**2. What are the prime factors of m(3)?
2, 5
Let s(x) = -x**3 + 3*x**2 + 2*x - 4. Let n be s(3). Suppose 2*h - 4*i = 5*h - 55, h - 21 = -n*i. What are the prime factors of h?
13
Let n = -17 + 30. Suppose -n = t - 2*t. List the prime factors of t.
13
Let k be ((-4)/1)/(15/(-60)). Let x = k + -8. List the prime factors of x.
2
Suppose 710 = 5*x - 5*b, 216 + 317 = 4*x + 3*b. Suppose 0 = -5*w + 2*f + x, 4*w - 5*f - 157 = -44. What are the prime factors of w?
3
Let c = -6 + 10. Let y be 1/(-4) - 415/c. What are the prime factors of y/(-4)*(-2)/(-4)?
13
Suppose -5*z - 51 = -5*r - 1, 3*r - 4*z - 33 = 0. Suppose -2*u = -r - 65. List the prime factors of u.
2, 3
Let p(i) = 3*i**2 - i + 1. Let w be p(-2). Suppose -5*g + w = -20. List the prime factors of g.
7
List the prime factors of 5340/70 - (-4)/(-14).
2, 19
Suppose -h + 0*h + 4 = a, 0 = 4*a + 2*h - 16. Suppose 0 = -a*i - 2*z + 16, 0 = 4*i - 2*i - z - 4. What are the prime factors of i?
3
Let d(n) = -7*n**3 - 2 - 2*n + 0*n**3 + 1. Let j(h) = h + 5. Let r be j(-6). List the prime factors of d(r).
2
Suppose 2*h = -5*m + 45, 10*h + 14 = -m + 5*h. What are the prime factors of ((-4)/4)/((-1)/m)?
11
List the prime factors of (-2)/(-18) - 2374/(-18).
2, 3, 11
Let n(z) = z**3 + 6*z**2 + 3*z + 9. Let r be n(-6). Let f(p) = p - 1. Let s be f(r). List the prime factors of (-44)/s - (-4)/(-10).
2
Let n(d) = 5*d**3 - 3*d**2 + 2. List the prime factors of n(3).
2, 5, 11
Let z = -15 - -21. List the prime factors of z.
2, 3
Let t(l) = -l - 1. Let w be t(-5). Suppose w*a = 6*v - 3*v + 11, a - 5*v = 7. Suppose 4*s - 26 = a*s. List the prime factors of s.
13
Let n be 6*(1 + 4/(-6)). Let t be -7 - -1*(n - 3). List the prime factors of 7/4 + (-2)/t.
2
Let j be (3/(-2))/(3/(-8)). Suppose j*k - 45 = 3*f, k - 4*f + 0*f = -5. What are the prime factors of k?
3, 5
Let c(a) = a**2 + 8*a + 7. Let y be c(-7). Suppose -2*l + 58 = 2*u - 0*l, -4*u + 3*l + 95 = y. What are the prime factors of u?
2, 13
Let h be (-12)/(-20) - 52/(-5). Let x(c) = 2*c - 15. List the prime factors of x(h).
7
Suppose -3*o + 8 = -2*o. Suppose 3*k - 9 = -q + o, -4*k = 0. Suppose 4*n - 9 = -i + 10, -q = -2*i - n. What are the prime factors of i?
7
Let y be 0 - 2 - (-5 - 0). Let p = -7 + 11. Suppose -3*a + 8 = -a, -y*q = -p*a - 14. What are the prime factors of q?
2, 5
Let g be 95/(-3) + 4/(-3). Let u = g + 62. What are the prime factors of u?
29
Suppose -2*v + 5*i + 25 = 0, -9*v = -4*v - i - 28. Let x = v - 3. Suppose -4 - 4 = -x*b. List the prime factors of b.
2
Let o be 1/(1/9) + -1. Let c = 8 - 7. What are the prime factors of o + 0/c + 0?
2
Let p(q) = -q - 4. Let k be p(-4). Suppose 3*n + 24 + 3 = k. Let t = 2 - n. List the prime factors of t.
11
Let j(q) = -q**2 + 10*q - 6. What are the prime factors of j(5)?
19
Suppose 0 = w - 0*w - 5*c - 11, -5*c = -5*w + 15. List the prime factors of w/2 + (-180)/(-8).
23
Suppose 4*a - 13*a = -864. List the prime factors of a.
2, 3
What are the prime factors of ((-20)/(-8) + -2)/(2/236)?
59
Let x(j) = j**2 - 2*j - 1. Let f(k) = k**2 - 4*k - 6. Let r be f(5). What are the prime factors of x(r)?
2
Let b(s) = -s - 4. Let l be b(-3). Let n be -4 + 29 - (-6)/(-2). List the prime factors of (n/4)/(l/(-2)).
11
Suppose 5*l - 1 = 2*k + 20, -4*l + 15 = -k. Suppose 3*i + 2*s = 5, l*i - i + s - 4 = 0. List the prime factors of 3/9*(i + 12).
5
Suppose -3*m + 1 = -3*i + 4, 3*m - 2*i = 1. Let r(h) = m + h - 3*h + h. List the prime factors of r(-6).
3
Let d(x) = x**3 + 10*x**2 + 10*x + 9. Suppose 5*j + 18 = 3*j. Let c be d(j). Suppose -16 = -2*w + 4*p, 0 = -w + 5*p - c*p + 8. What are the prime factors of w?
2
Let t be -1*(-1 - -1)/(-2). Suppose t = r - 5 + 2. Suppose 6 = r*b - b. What are the prime factors of b?
3
Suppose -5*y - 289 = -3*i, -2*i - 2*y + 85 = -97. Suppose 3*b - 9 - i = 0. List the prime factors of b.
2, 17
Let p(b) be the second derivative of b**4/12 + 2*b**3/3 + 3*b**2 - b. What are the prime factors of p(-5)?
11
Let r(v) = 4*v + 1. List the prime factors of r(1).
5
What are the prime factors of ((-21)/(-6))/(-7)*-18?
3
Suppose 3*n + 4*h = 50, 5*n - h - 37 - 77 = 0. List the prime factors of n.
2, 11
Suppose -3*h = d - 214, 2*d = -3*h - 2*h + 358. What are the prime factors of h?
2, 5, 7
Suppose -x + 7 = -o, 2*x + 3*o - 13 = 6*o. Suppose -3*p + 0 = r - 2, 4*r - p = x. What are the prime factors of r?
2
What are the prime factors of (10/(-45))/1 + 560/9?
2, 31
Let p be (-1*(-28)/4)/1. What are the prime factors of -5*p/(70/(-44))?
2, 11
Suppose 0*v - 130 = -5*v. Let p = 45 - v. What are the prime factors of p?
19
What are the prime factors of -1 - -14 - (8 - 6)?
11
Let x = -27 + 91. What are the prime factors of x?
2
Let r = 140 - 13. What are the prime factors of r?
127
Let f = 101 + -59. Suppose 2*k = -2*n + 32, 0 = 4*n - 2*n - 3*k - f. What are the prime factors of n?
2, 3
Suppose 22 = 4*c - 66. Suppose 4*w - 6 = -58. Let x = w + c. List the prime factors of x.
3
Let b(s) = s**2 + 2*s + 26. List the prime factors of b(0).
2, 13
Suppose -a = -4*a + 9. Suppose -w = -a*w + 12. List the prime factors of w.
2, 3
Let u = -132 - -238. List the prime factors of u.
2, 53
Suppose 2*y 